{"id":3101,"date":"2020-12-03T17:41:54","date_gmt":"2020-12-03T16:41:54","guid":{"rendered":"https:\/\/malmokonsthall.se\/utstallningar\/leonilson\/"},"modified":"2020-12-03T17:41:54","modified_gmt":"2020-12-03T16:41:54","slug":"leonilson","status":"publish","type":"utstallningar","link":"https:\/\/malmokonsthall.se\/en\/utstallningar\/leonilson\/","title":{"rendered":"Leonilson"},"content":{"rendered":"<p><strong><a href=\"https:\/\/fb.me\/e\/11I7TcCrz\">Digital opening<\/a> (in Swedish) Friday June 18th at 6\u20135.30 pm via Facebook Live and <a href=\"https:\/\/youtu.be\/K1QUPaGjI7I\">YouTube<\/a>\u00a0<\/strong><\/p>\n<p>The exhibition <em>Leonilson \u2013 Drawn: 1975\u20131993<\/em> is the first major retrospective of Brazilian artist Jos\u00e9 Leonilson (1957\u20131993) in Europe. Leonilson was one of the major exponents of a generation of Brazilian artists known as Gera\u00e7\u00e3o 80 (80s Generation). After the end of Brazil\u2019s military dictatorship in the mid-1980s, this group of artists celebrated their newly acquired freedom with a gestural, colorful, and expressive style of painting. While American Pop Art appropriated the symbols of a highly industrialized society in the 1980s, the Gera\u00e7\u00e3o 80s art was firmly critical of society.<\/p>\n<p>Leonilson studied art in S\u00e3o Paulo (BR) from 1978 to 1981. Apart from Eva Hesse and Blinky Palermo, both of whom he met during travels in Europe, his first major influence was the Italian transavanguardia movement. Formed in the late 1970s, transavanguardia turned to figuration, ancient mythology, and expressive colouration. Similarly, Leonilson\u2019s paintings and drawings from this period show an eclectic subjectivism and an emblematic visual language. An exhibition of textiles produced by the Shakers, a Christian American sect, marked a key moment in the artist\u2019s early career. The Shaker\u2019s embroidered maps of their estates influenced him greatly and inspired him to embrace fabric as a medium.<\/p>\n<p>When Leonilson was diagnosed with AIDS in 1991, his visual language changed significantly: between 1991 and 1993, his work, which resembled a diary, betrayed his deteriorating health and a preoccupation with death. Towards the end of his life, he was only able to work with needle, thread, and cloth. In this period, language and abstraction, as well as religious visual and formal language played an important role in Leonilson\u2019s work.<\/p>\n<p>The retrospective at Malm\u00f6 Konsthall presents a broad range of mediums and styles, from early paintings to the introspective embroidery of Leonilson\u2019s last years, providing an overview of his entire oeuvre. The exhibition is produced by KW Institute for Contemporary Art, Berlin, by curator Krist Gruijthuijsen and shown in Berlin from January 2021. The exhibition in Malm\u00f6 is a collaboration with Moderna Museet.<\/p>\n<p>The exhibition <em>Leonilson \u2013 Drawn: 1975\u20131993<\/em> is Malm\u00f6 Konsthall\u2019s contribution to World Pride 2021, which will take place in both Malm\u00f6 and Copenhagen, and part of the project \u00d6ppna Malm\u00f6 (Open Malm\u00f6) \u2013 an initiative taken by the city of Malm\u00f6 to combat discrimination and racism 2020\u20132022.<\/p>\n<p><em>Image: Jos\u00e9 Leonilson.\u00a0Vogue Ideal\u00a0(fanzine), 1976.\u00a0Marker, ballpoint pen, and graphic on paper. Private collection, S\u00e3o Paulo. Photo: Rubens Chiri<\/em><\/p>\n<p>&nbsp;<\/p>\n<h4><a href=\"https:\/\/malmokonsthall.se\/en\/pressbilder-leonilson\/\">Press images<\/a><\/h4>\n<p>&nbsp;<\/p>\n<p><span style=\"color: #808080;\">An exhibition produced by KW Institute for Contemporary Art, Berlin in collaboration with Moderna Museet, Malm\u00f6 Konsthall and Serralves Foundation \u2013 Museum of Contemporary Art, Porto.\u00a0<span lang=\"EN-US\">The exhibition\u00a0<\/span><i><span lang=\"EN-US\"><span class=\"markgc2yg7a0l\" data-markjs=\"true\" data-ogac=\"\" data-ogab=\"\" data-ogsc=\"\" data-ogsb=\"\">Leonilson<\/span>: Drawn 1975-1993\u00a0<\/span><\/i><span lang=\"EN-US\">is made possible through the German Federal Cultural Foundation.<\/span><\/span><\/p>\n<p><a href=\"https:\/\/malmokonsthall.se\/wp-content\/uploads\/2020\/12\/KW_Logo_black-1.jpg\"><img loading=\"lazy\" decoding=\"async\" class=\"wp-image-6235 alignleft\" src=\"https:\/\/malmokonsthall.se\/wp-content\/uploads\/2020\/12\/KW_Logo_black-1.jpg\" alt=\"\" width=\"91\" height=\"41\" \/><\/a><\/p>\n","protected":false},"excerpt":{"rendered":"<p>Digital opening (in Swedish) Friday June 18th at 6\u20135.30 pm via Facebook Live and YouTube\u00a0 The exhibition Leonilson \u2013 Drawn: 1975\u20131993 is the first major&#8230;<\/p>\n","protected":false},"featured_media":2457,"menu_order":10,"template":"old-editor-page.php","format":"standard","class_list":["post-3101","utstallningar","type-utstallningar","status-publish","format-standard","has-post-thumbnail","hentry"],"acf":[],"yoast_head":"<!-- This site is optimized with the Yoast SEO Premium plugin v23.3 (Yoast SEO v27.4) - https:\/\/yoast.com\/product\/yoast-seo-premium-wordpress\/ -->\n<title>Leonilson<\/title>\n<meta name=\"description\" content=\"Digital opening (in Swedish) Friday June 18th at 6\u20135.30 pm via Facebook Live and YouTube\u00a0 The exhibition Leonilson \u2013 Drawn: 1975\u20131993 is the first major\" \/>\n<meta name=\"robots\" content=\"index, follow, max-snippet:-1, max-image-preview:large, max-video-preview:-1\" \/>\n<link rel=\"canonical\" href=\"https:\/\/malmokonsthall.se\/en\/utstallningar\/leonilson\/\" \/>\n<meta property=\"og:locale\" content=\"en_US\" \/>\n<meta property=\"og:type\" content=\"article\" \/>\n<meta property=\"og:title\" content=\"Leonilson\" \/>\n<meta property=\"og:description\" content=\"Digital opening (in Swedish) Friday June 18th at 6\u20135.30 pm via Facebook Live and YouTube\u00a0 The exhibition Leonilson \u2013 Drawn: 1975\u20131993 is the first major\" \/>\n<meta property=\"og:url\" content=\"https:\/\/malmokonsthall.se\/en\/utstallningar\/leonilson\/\" \/>\n<meta property=\"og:site_name\" content=\"Malm\u00f6 Konsthall\" \/>\n<meta property=\"og:image\" content=\"https:\/\/malmokonsthall.se\/wp-content\/uploads\/2020\/12\/Vogue-1.jpg\" \/>\n\t<meta property=\"og:image:width\" content=\"670\" \/>\n\t<meta property=\"og:image:height\" content=\"625\" \/>\n\t<meta property=\"og:image:type\" content=\"image\/jpeg\" \/>\n<meta name=\"twitter:card\" content=\"summary_large_image\" \/>\n<script type=\"application\/ld+json\" class=\"yoast-schema-graph\">{\"@context\":\"https:\\\/\\\/schema.org\",\"@graph\":[{\"@type\":\"WebPage\",\"@id\":\"https:\\\/\\\/malmokonsthall.se\\\/en\\\/utstallningar\\\/leonilson\\\/\",\"url\":\"https:\\\/\\\/malmokonsthall.se\\\/en\\\/utstallningar\\\/leonilson\\\/\",\"name\":\"Leonilson\",\"isPartOf\":{\"@id\":\"https:\\\/\\\/malmokonsthall.se\\\/en\\\/#website\"},\"primaryImageOfPage\":{\"@id\":\"https:\\\/\\\/malmokonsthall.se\\\/en\\\/utstallningar\\\/leonilson\\\/#primaryimage\"},\"image\":{\"@id\":\"https:\\\/\\\/malmokonsthall.se\\\/en\\\/utstallningar\\\/leonilson\\\/#primaryimage\"},\"thumbnailUrl\":\"https:\\\/\\\/malmokonsthall.se\\\/wp-content\\\/uploads\\\/2020\\\/12\\\/Vogue-1.jpg\",\"datePublished\":\"2020-12-03T16:41:54+00:00\",\"description\":\"Digital opening (in Swedish) Friday June 18th at 6\u20135.30 pm via Facebook Live and YouTube\u00a0 The exhibition Leonilson \u2013 Drawn: 1975\u20131993 is the first major\",\"breadcrumb\":{\"@id\":\"https:\\\/\\\/malmokonsthall.se\\\/en\\\/utstallningar\\\/leonilson\\\/#breadcrumb\"},\"inLanguage\":\"en-US\",\"potentialAction\":[{\"@type\":\"ReadAction\",\"target\":[\"https:\\\/\\\/malmokonsthall.se\\\/en\\\/utstallningar\\\/leonilson\\\/\"]}]},{\"@type\":\"ImageObject\",\"inLanguage\":\"en-US\",\"@id\":\"https:\\\/\\\/malmokonsthall.se\\\/en\\\/utstallningar\\\/leonilson\\\/#primaryimage\",\"url\":\"https:\\\/\\\/malmokonsthall.se\\\/wp-content\\\/uploads\\\/2020\\\/12\\\/Vogue-1.jpg\",\"contentUrl\":\"https:\\\/\\\/malmokonsthall.se\\\/wp-content\\\/uploads\\\/2020\\\/12\\\/Vogue-1.jpg\",\"width\":670,\"height\":625,\"caption\":\"Kristine Kemp, Hysteria in the White Cube.\"},{\"@type\":\"BreadcrumbList\",\"@id\":\"https:\\\/\\\/malmokonsthall.se\\\/en\\\/utstallningar\\\/leonilson\\\/#breadcrumb\",\"itemListElement\":[{\"@type\":\"ListItem\",\"position\":1,\"name\":\"Hem\",\"item\":\"https:\\\/\\\/malmokonsthall.se\\\/en\\\/\"},{\"@type\":\"ListItem\",\"position\":2,\"name\":\"Leonilson\"}]},{\"@type\":\"WebSite\",\"@id\":\"https:\\\/\\\/malmokonsthall.se\\\/en\\\/#website\",\"url\":\"https:\\\/\\\/malmokonsthall.se\\\/en\\\/\",\"name\":\"Malm\u00f6 Konsthall\",\"description\":\"\",\"publisher\":{\"@id\":\"https:\\\/\\\/malmokonsthall.se\\\/en\\\/#organization\"},\"potentialAction\":[{\"@type\":\"SearchAction\",\"target\":{\"@type\":\"EntryPoint\",\"urlTemplate\":\"https:\\\/\\\/malmokonsthall.se\\\/en\\\/?s={search_term_string}\"},\"query-input\":{\"@type\":\"PropertyValueSpecification\",\"valueRequired\":true,\"valueName\":\"search_term_string\"}}],\"inLanguage\":\"en-US\"},{\"@type\":\"Organization\",\"@id\":\"https:\\\/\\\/malmokonsthall.se\\\/en\\\/#organization\",\"name\":\"Malm\u00f6 Konsthall\",\"url\":\"https:\\\/\\\/malmokonsthall.se\\\/en\\\/\",\"logo\":{\"@type\":\"ImageObject\",\"inLanguage\":\"en-US\",\"@id\":\"https:\\\/\\\/malmokonsthall.se\\\/en\\\/#\\\/schema\\\/logo\\\/image\\\/\",\"url\":\"https:\\\/\\\/malmokonsthall.se\\\/wp-content\\\/uploads\\\/2021\\\/09\\\/MK-logga-red.png\",\"contentUrl\":\"https:\\\/\\\/malmokonsthall.se\\\/wp-content\\\/uploads\\\/2021\\\/09\\\/MK-logga-red.png\",\"width\":672,\"height\":60,\"caption\":\"Malm\u00f6 Konsthall\"},\"image\":{\"@id\":\"https:\\\/\\\/malmokonsthall.se\\\/en\\\/#\\\/schema\\\/logo\\\/image\\\/\"}}]}<\/script>\n<!-- \/ Yoast SEO Premium plugin. -->","yoast_head_json":{"title":"Leonilson","description":"Digital opening (in Swedish) Friday June 18th at 6\u20135.30 pm via Facebook Live and YouTube\u00a0 The exhibition Leonilson \u2013 Drawn: 1975\u20131993 is the first major","robots":{"index":"index","follow":"follow","max-snippet":"max-snippet:-1","max-image-preview":"max-image-preview:large","max-video-preview":"max-video-preview:-1"},"canonical":"https:\/\/malmokonsthall.se\/en\/utstallningar\/leonilson\/","og_locale":"en_US","og_type":"article","og_title":"Leonilson","og_description":"Digital opening (in Swedish) Friday June 18th at 6\u20135.30 pm via Facebook Live and YouTube\u00a0 The exhibition Leonilson \u2013 Drawn: 1975\u20131993 is the first major","og_url":"https:\/\/malmokonsthall.se\/en\/utstallningar\/leonilson\/","og_site_name":"Malm\u00f6 Konsthall","og_image":[{"width":670,"height":625,"url":"https:\/\/malmokonsthall.se\/wp-content\/uploads\/2020\/12\/Vogue-1.jpg","type":"image\/jpeg"}],"twitter_card":"summary_large_image","schema":{"@context":"https:\/\/schema.org","@graph":[{"@type":"WebPage","@id":"https:\/\/malmokonsthall.se\/en\/utstallningar\/leonilson\/","url":"https:\/\/malmokonsthall.se\/en\/utstallningar\/leonilson\/","name":"Leonilson","isPartOf":{"@id":"https:\/\/malmokonsthall.se\/en\/#website"},"primaryImageOfPage":{"@id":"https:\/\/malmokonsthall.se\/en\/utstallningar\/leonilson\/#primaryimage"},"image":{"@id":"https:\/\/malmokonsthall.se\/en\/utstallningar\/leonilson\/#primaryimage"},"thumbnailUrl":"https:\/\/malmokonsthall.se\/wp-content\/uploads\/2020\/12\/Vogue-1.jpg","datePublished":"2020-12-03T16:41:54+00:00","description":"Digital opening (in Swedish) Friday June 18th at 6\u20135.30 pm via Facebook Live and YouTube\u00a0 The exhibition Leonilson \u2013 Drawn: 1975\u20131993 is the first major","breadcrumb":{"@id":"https:\/\/malmokonsthall.se\/en\/utstallningar\/leonilson\/#breadcrumb"},"inLanguage":"en-US","potentialAction":[{"@type":"ReadAction","target":["https:\/\/malmokonsthall.se\/en\/utstallningar\/leonilson\/"]}]},{"@type":"ImageObject","inLanguage":"en-US","@id":"https:\/\/malmokonsthall.se\/en\/utstallningar\/leonilson\/#primaryimage","url":"https:\/\/malmokonsthall.se\/wp-content\/uploads\/2020\/12\/Vogue-1.jpg","contentUrl":"https:\/\/malmokonsthall.se\/wp-content\/uploads\/2020\/12\/Vogue-1.jpg","width":670,"height":625,"caption":"Kristine Kemp, Hysteria in the White Cube."},{"@type":"BreadcrumbList","@id":"https:\/\/malmokonsthall.se\/en\/utstallningar\/leonilson\/#breadcrumb","itemListElement":[{"@type":"ListItem","position":1,"name":"Hem","item":"https:\/\/malmokonsthall.se\/en\/"},{"@type":"ListItem","position":2,"name":"Leonilson"}]},{"@type":"WebSite","@id":"https:\/\/malmokonsthall.se\/en\/#website","url":"https:\/\/malmokonsthall.se\/en\/","name":"Malm\u00f6 Konsthall","description":"","publisher":{"@id":"https:\/\/malmokonsthall.se\/en\/#organization"},"potentialAction":[{"@type":"SearchAction","target":{"@type":"EntryPoint","urlTemplate":"https:\/\/malmokonsthall.se\/en\/?s={search_term_string}"},"query-input":{"@type":"PropertyValueSpecification","valueRequired":true,"valueName":"search_term_string"}}],"inLanguage":"en-US"},{"@type":"Organization","@id":"https:\/\/malmokonsthall.se\/en\/#organization","name":"Malm\u00f6 Konsthall","url":"https:\/\/malmokonsthall.se\/en\/","logo":{"@type":"ImageObject","inLanguage":"en-US","@id":"https:\/\/malmokonsthall.se\/en\/#\/schema\/logo\/image\/","url":"https:\/\/malmokonsthall.se\/wp-content\/uploads\/2021\/09\/MK-logga-red.png","contentUrl":"https:\/\/malmokonsthall.se\/wp-content\/uploads\/2021\/09\/MK-logga-red.png","width":672,"height":60,"caption":"Malm\u00f6 Konsthall"},"image":{"@id":"https:\/\/malmokonsthall.se\/en\/#\/schema\/logo\/image\/"}}]}},"_links":{"self":[{"href":"https:\/\/malmokonsthall.se\/en\/wp-json\/wp\/v2\/utstallningar\/3101","targetHints":{"allow":["GET"]}}],"collection":[{"href":"https:\/\/malmokonsthall.se\/en\/wp-json\/wp\/v2\/utstallningar"}],"about":[{"href":"https:\/\/malmokonsthall.se\/en\/wp-json\/wp\/v2\/types\/utstallningar"}],"version-history":[{"count":0,"href":"https:\/\/malmokonsthall.se\/en\/wp-json\/wp\/v2\/utstallningar\/3101\/revisions"}],"wp:featuredmedia":[{"embeddable":true,"href":"https:\/\/malmokonsthall.se\/en\/wp-json\/wp\/v2\/media\/2457"}],"wp:attachment":[{"href":"https:\/\/malmokonsthall.se\/en\/wp-json\/wp\/v2\/media?parent=3101"}],"curies":[{"name":"wp","href":"https:\/\/api.w.org\/{rel}","templated":true}]}}

<p><strong><a href="https://fb.me/e/11I7TcCrz">Digital opening</a> (in Swedish) Friday June 18th at 6–5.30 pm via Facebook Live and <a href="https://youtu.be/K1QUPaGjI7I">YouTube</a> </strong></p>
<p>The exhibition <em>Leonilson – Drawn: 1975–1993</em> is the first major retrospective of Brazilian artist José Leonilson (1957–1993) in Europe. Leonilson was one of the major exponents of a generation of Brazilian artists known as Geração 80 (80s Generation). After the end of Brazil’s military dictatorship in the mid-1980s, this group of artists celebrated their newly acquired freedom with a gestural, colorful, and expressive style of painting. While American Pop Art appropriated the symbols of a highly industrialized society in the 1980s, the Geração 80s art was firmly critical of society.</p>
<p>Leonilson studied art in São Paulo (BR) from 1978 to 1981. Apart from Eva Hesse and Blinky Palermo, both of whom he met during travels in Europe, his first major influence was the Italian transavanguardia movement. Formed in the late 1970s, transavanguardia turned to figuration, ancient mythology, and expressive colouration. Similarly, Leonilson’s paintings and drawings from this period show an eclectic subjectivism and an emblematic visual language. An exhibition of textiles produced by the Shakers, a Christian American sect, marked a key moment in the artist’s early career. The Shaker’s embroidered maps of their estates influenced him greatly and inspired him to embrace fabric as a medium.</p>
<p>When Leonilson was diagnosed with AIDS in 1991, his visual language changed significantly: between 1991 and 1993, his work, which resembled a diary, betrayed his deteriorating health and a preoccupation with death. Towards the end of his life, he was only able to work with needle, thread, and cloth. In this period, language and abstraction, as well as religious visual and formal language played an important role in Leonilson’s work.</p>
<p>The retrospective at Malmö Konsthall presents a broad range of mediums and styles, from early paintings to the introspective embroidery of Leonilson’s last years, providing an overview of his entire oeuvre. The exhibition is produced by KW Institute for Contemporary Art, Berlin, by curator Krist Gruijthuijsen and shown in Berlin from January 2021. The exhibition in Malmö is a collaboration with Moderna Museet.</p>
<p>The exhibition <em>Leonilson – Drawn: 1975–1993</em> is Malmö Konsthall’s contribution to World Pride 2021, which will take place in both Malmö and Copenhagen, and part of the project Öppna Malmö (Open Malmö) – an initiative taken by the city of Malmö to combat discrimination and racism 2020–2022.</p>
<p><em>Image: José Leonilson. Vogue Ideal (fanzine), 1976. Marker, ballpoint pen, and graphic on paper. Private collection, São Paulo. Photo: Rubens Chiri</em></p>
<p>&nbsp;</p>
<h4><a href="https://malmokonsthall.se/en/pressbilder-leonilson/">Press images</a></h4>
<p>&nbsp;</p>
<p><span style="color: #808080;">An exhibition produced by KW Institute for Contemporary Art, Berlin in collaboration with Moderna Museet, Malmö Konsthall and Serralves Foundation – Museum of Contemporary Art, Porto. <span lang="EN-US">The exhibition </span><i><span lang="EN-US"><span class="markgc2yg7a0l" data-markjs="true" data-ogac="" data-ogab="" data-ogsc="" data-ogsb="">Leonilson</span>: Drawn 1975-1993 </span></i><span lang="EN-US">is made possible through the German Federal Cultural Foundation.</span></span></p>
<p><a href="https://malmokonsthall.se/wp-content/uploads/2020/12/KW_Logo_black-1.jpg"><img loading="lazy" decoding="async" class="wp-image-6235 alignleft" src="https://malmokonsthall.se/wp-content/uploads/2020/12/KW_Logo_black-1.jpg" alt="" width="91" height="41" /></a></p>

<!-- This site is optimized with the Yoast SEO Premium plugin v23.3 (Yoast SEO v27.4) - https://yoast.com/product/yoast-seo-premium-wordpress/ -->
<title>Leonilson</title>
<meta name="description" content="Digital opening (in Swedish) Friday June 18th at 6–5.30 pm via Facebook Live and YouTube  The exhibition Leonilson – Drawn: 1975–1993 is the first major" />
<meta name="robots" content="index, follow, max-snippet:-1, max-image-preview:large, max-video-preview:-1" />
<link rel="canonical" href="https://malmokonsthall.se/en/utstallningar/leonilson/" />
<meta property="og:locale" content="en_US" />
<meta property="og:type" content="article" />
<meta property="og:title" content="Leonilson" />
<meta property="og:description" content="Digital opening (in Swedish) Friday June 18th at 6–5.30 pm via Facebook Live and YouTube  The exhibition Leonilson – Drawn: 1975–1993 is the first major" />
<meta property="og:url" content="https://malmokonsthall.se/en/utstallningar/leonilson/" />
<meta property="og:site_name" content="Malmö Konsthall" />
<meta property="og:image" content="https://malmokonsthall.se/wp-content/uploads/2020/12/Vogue-1.jpg" />
	<meta property="og:image:width" content="670" />
	<meta property="og:image:height" content="625" />
	<meta property="og:image:type" content="image/jpeg" />
<meta name="twitter:card" content="summary_large_image" />
<script type="application/ld+json" class="yoast-schema-graph">{"@context":"https:\/\/schema.org","@graph":[{"@type":"WebPage","@id":"https:\/\/malmokonsthall.se\/en\/utstallningar\/leonilson\/","url":"https:\/\/malmokonsthall.se\/en\/utstallningar\/leonilson\/","name":"Leonilson","isPartOf":{"@id":"https:\/\/malmokonsthall.se\/en\/#website"},"primaryImageOfPage":{"@id":"https:\/\/malmokonsthall.se\/en\/utstallningar\/leonilson\/#primaryimage"},"image":{"@id":"https:\/\/malmokonsthall.se\/en\/utstallningar\/leonilson\/#primaryimage"},"thumbnailUrl":"https:\/\/malmokonsthall.se\/wp-content\/uploads\/2020\/12\/Vogue-1.jpg","datePublished":"2020-12-03T16:41:54+00:00","description":"Digital opening (in Swedish) Friday June 18th at 6–5.30 pm via Facebook Live and YouTube  The exhibition Leonilson – Drawn: 1975–1993 is the first major","breadcrumb":{"@id":"https:\/\/malmokonsthall.se\/en\/utstallningar\/leonilson\/#breadcrumb"},"inLanguage":"en-US","potentialAction":[{"@type":"ReadAction","target":["https:\/\/malmokonsthall.se\/en\/utstallningar\/leonilson\/"]}]},{"@type":"ImageObject","inLanguage":"en-US","@id":"https:\/\/malmokonsthall.se\/en\/utstallningar\/leonilson\/#primaryimage","url":"https:\/\/malmokonsthall.se\/wp-content\/uploads\/2020\/12\/Vogue-1.jpg","contentUrl":"https:\/\/malmokonsthall.se\/wp-content\/uploads\/2020\/12\/Vogue-1.jpg","width":670,"height":625,"caption":"Kristine Kemp, Hysteria in the White Cube."},{"@type":"BreadcrumbList","@id":"https:\/\/malmokonsthall.se\/en\/utstallningar\/leonilson\/#breadcrumb","itemListElement":[{"@type":"ListItem","position":1,"name":"Hem","item":"https:\/\/malmokonsthall.se\/en\/"},{"@type":"ListItem","position":2,"name":"Leonilson"}]},{"@type":"WebSite","@id":"https:\/\/malmokonsthall.se\/en\/#website","url":"https:\/\/malmokonsthall.se\/en\/","name":"Malmö Konsthall","description":"","publisher":{"@id":"https:\/\/malmokonsthall.se\/en\/#organization"},"potentialAction":[{"@type":"SearchAction","target":{"@type":"EntryPoint","urlTemplate":"https:\/\/malmokonsthall.se\/en\/?s={search_term_string}"},"query-input":{"@type":"PropertyValueSpecification","valueRequired":true,"valueName":"search_term_string"}}],"inLanguage":"en-US"},{"@type":"Organization","@id":"https:\/\/malmokonsthall.se\/en\/#organization","name":"Malmö Konsthall","url":"https:\/\/malmokonsthall.se\/en\/","logo":{"@type":"ImageObject","inLanguage":"en-US","@id":"https:\/\/malmokonsthall.se\/en\/#\/schema\/logo\/image\/","url":"https:\/\/malmokonsthall.se\/wp-content\/uploads\/2021\/09\/MK-logga-red.png","contentUrl":"https:\/\/malmokonsthall.se\/wp-content\/uploads\/2021\/09\/MK-logga-red.png","width":672,"height":60,"caption":"Malmö Konsthall"},"image":{"@id":"https:\/\/malmokonsthall.se\/en\/#\/schema\/logo\/image\/"}}]}</script>
<!-- / Yoast SEO Premium plugin. -->

Malmö Konsthall
